{"id":2228,"date":"2025-07-10T08:46:01","date_gmt":"2025-07-10T05:46:01","guid":{"rendered":"https:\/\/www.ikiliikkuja.fi\/ulkoilu\/iakkaiden-ulkoilupaiva\/"},"modified":"2026-01-09T08:19:40","modified_gmt":"2026-01-09T06:19:40","slug":"utomhusdag-for-aldre","status":"publish","type":"page","link":"https:\/\/www.ikiliikkuja.fi\/sv\/utevistelse\/utomhusdag-for-aldre\/","title":{"rendered":"Utomhusdag f\u00f6r \u00e4ldre"},"content":{"rendered":"<h1><strong>Utomhusdag f\u00f6r \u00e4ldre<\/strong><\/h1>\n<p>Den landsomfattande utomhusdagen f\u00f6r \u00e4ldre firas varje \u00e5r i oktober, p\u00e5 torsdagen under Seniorveckan.<\/p>\n<p>\u00c4ldreinstitutet utmanar f\u00f6reningar, serviceboenden, skolor och utbildningsinstitut att anordna utomhusevenemang f\u00f6r \u00e4ldre. Det \u00e4r en bra id\u00e9 att bjuda in volont\u00e4rer samt \u00e4ldres v\u00e4nner och sl\u00e4ktingar till att delta.<\/p>\n<h2><strong>Beh\u00f6ver du n\u00e5gra id\u00e9er?<\/strong><\/h2>\n<ul>\n<li>Gemensamma naturutflykter \u00f6kar kunskapen om v\u00e4xter och djur samt ger avkoppling f\u00f6r sinnet.<\/li>\n<li>Kulturella promenader breddar kunskapen om det lokala omr\u00e5det.<\/li>\n<li>Traditionella lekar och g\u00e5rdslekar uppmuntrar till lekfull t\u00e4vlan.<\/li>\n<li>Tr\u00e4ningsredskap i idrottsparker f\u00e5r svetten att rinna.<\/li>\n<li>Unga promenadkompisar sprider gl\u00e4dje bland boende p\u00e5 v\u00e5rdhem.<\/li>\n<\/ul>\n","protected":false},"excerpt":{"rendered":"<p>Utomhusdag f\u00f6r \u00e4ldre Den landsomfattande utomhusdagen f\u00f6r \u00e4ldre firas varje \u00e5r i oktober, p\u00e5 torsdagen under Seniorveckan. \u00c4ldreinstitutet utmanar f\u00f6reningar, serviceboenden, skolor och utbildningsinstitut att anordna utomhusevenemang f\u00f6r \u00e4ldre. Det \u00e4r en bra id\u00e9 att bjuda in volont\u00e4rer samt \u00e4ldres v\u00e4nner och sl\u00e4ktingar till att delta. Beh\u00f6ver du n\u00e5gra id\u00e9er? Gemensamma naturutflykter \u00f6kar kunskapen om [&hellip;]<\/p>\n","protected":false},"author":1,"featured_media":1612,"parent":1996,"menu_order":0,"comment_status":"closed","ping_status":"closed","template":"","meta":{"inline_featured_image":false,"footnotes":""},"class_list":["post-2228","page","type-page","status-publish","has-post-thumbnail","hentry"],"yoast_head":"<!-- This site is optimized with the Yoast SEO plugin v27.3 - https:\/\/yoast.com\/product\/yoast-seo-wordpress\/ -->\n<title>Utomhusdag f\u00f6r \u00e4ldre - Ikiliikkuja<\/title>\n<meta name=\"description\" content=\"Valtakunnallista i\u00e4kk\u00e4iden ulkoilup\u00e4iv\u00e4\u00e4 vietet\u00e4\u00e4n vuosittain lokakuussa Vanhustenviikon torstaina. Ik\u00e4instituutti haastaa j\u00e4rjest\u00e4m\u00e4\u00e4n ulkoilutapahtumia.\" \/>\n<meta name=\"robots\" content=\"index, follow, max-snippet:-1, max-image-preview:large, max-video-preview:-1\" \/>\n<link rel=\"canonical\" href=\"https:\/\/www.ikiliikkuja.fi\/sv\/utevistelse\/utomhusdag-for-aldre\/\" \/>\n<meta property=\"og:locale\" content=\"sv_SE\" \/>\n<meta property=\"og:type\" content=\"article\" \/>\n<meta property=\"og:title\" content=\"Utomhusdag f\u00f6r \u00e4ldre - Ikiliikkuja\" \/>\n<meta property=\"og:description\" content=\"Valtakunnallista i\u00e4kk\u00e4iden ulkoilup\u00e4iv\u00e4\u00e4 vietet\u00e4\u00e4n vuosittain lokakuussa Vanhustenviikon torstaina. Ik\u00e4instituutti haastaa j\u00e4rjest\u00e4m\u00e4\u00e4n ulkoilutapahtumia.\" \/>\n<meta property=\"og:url\" content=\"https:\/\/www.ikiliikkuja.fi\/sv\/utevistelse\/utomhusdag-for-aldre\/\" \/>\n<meta property=\"og:site_name\" content=\"Ikiliikkuja\" \/>\n<meta property=\"article:modified_time\" content=\"2026-01-09T06:19:40+00:00\" \/>\n<meta property=\"og:image\" content=\"https:\/\/www.ikainstituutti.fi\/content\/uploads\/sites\/2\/2025\/10\/kukkalaatikolla-1.jpg\" \/>\n\t<meta property=\"og:image:width\" content=\"2494\" \/>\n\t<meta property=\"og:image:height\" content=\"1663\" \/>\n\t<meta property=\"og:image:type\" content=\"image\/jpeg\" \/>\n<meta name=\"twitter:card\" content=\"summary_large_image\" \/>\n<meta name=\"twitter:label1\" content=\"Est. reading time\" \/>\n\t<meta name=\"twitter:data1\" content=\"1 minute\" \/>\n<script type=\"application\/ld+json\" class=\"yoast-schema-graph\">{\"@context\":\"https:\\\/\\\/schema.org\",\"@graph\":[{\"@type\":\"WebPage\",\"@id\":\"https:\\\/\\\/www.ikiliikkuja.fi\\\/sv\\\/utevistelse\\\/utomhusdag-for-aldre\\\/\",\"url\":\"https:\\\/\\\/www.ikiliikkuja.fi\\\/sv\\\/utevistelse\\\/utomhusdag-for-aldre\\\/\",\"name\":\"Utomhusdag f\u00f6r \u00e4ldre - Ikiliikkuja\",\"isPartOf\":{\"@id\":\"https:\\\/\\\/www.ikiliikkuja.fi\\\/sv\\\/#website\"},\"primaryImageOfPage\":{\"@id\":\"https:\\\/\\\/www.ikiliikkuja.fi\\\/sv\\\/utevistelse\\\/utomhusdag-for-aldre\\\/#primaryimage\"},\"image\":{\"@id\":\"https:\\\/\\\/www.ikiliikkuja.fi\\\/sv\\\/utevistelse\\\/utomhusdag-for-aldre\\\/#primaryimage\"},\"thumbnailUrl\":\"https:\\\/\\\/www.ikainstituutti.fi\\\/content\\\/uploads\\\/sites\\\/2\\\/2025\\\/10\\\/kukkalaatikolla-1.jpg\",\"datePublished\":\"2025-07-10T05:46:01+00:00\",\"dateModified\":\"2026-01-09T06:19:40+00:00\",\"description\":\"Valtakunnallista i\u00e4kk\u00e4iden ulkoilup\u00e4iv\u00e4\u00e4 vietet\u00e4\u00e4n vuosittain lokakuussa Vanhustenviikon torstaina. Ik\u00e4instituutti haastaa j\u00e4rjest\u00e4m\u00e4\u00e4n ulkoilutapahtumia.\",\"breadcrumb\":{\"@id\":\"https:\\\/\\\/www.ikiliikkuja.fi\\\/sv\\\/utevistelse\\\/utomhusdag-for-aldre\\\/#breadcrumb\"},\"inLanguage\":\"sv-SE\",\"potentialAction\":[{\"@type\":\"ReadAction\",\"target\":[\"https:\\\/\\\/www.ikiliikkuja.fi\\\/sv\\\/utevistelse\\\/utomhusdag-for-aldre\\\/\"]}]},{\"@type\":\"ImageObject\",\"inLanguage\":\"sv-SE\",\"@id\":\"https:\\\/\\\/www.ikiliikkuja.fi\\\/sv\\\/utevistelse\\\/utomhusdag-for-aldre\\\/#primaryimage\",\"url\":\"https:\\\/\\\/www.ikainstituutti.fi\\\/content\\\/uploads\\\/sites\\\/2\\\/2025\\\/10\\\/kukkalaatikolla-1.jpg\",\"contentUrl\":\"https:\\\/\\\/www.ikainstituutti.fi\\\/content\\\/uploads\\\/sites\\\/2\\\/2025\\\/10\\\/kukkalaatikolla-1.jpg\",\"width\":2494,\"height\":1663},{\"@type\":\"BreadcrumbList\",\"@id\":\"https:\\\/\\\/www.ikiliikkuja.fi\\\/sv\\\/utevistelse\\\/utomhusdag-for-aldre\\\/#breadcrumb\",\"itemListElement\":[{\"@type\":\"ListItem\",\"position\":1,\"name\":\"Etusivu\",\"item\":\"https:\\\/\\\/www.ikiliikkuja.fi\\\/sv\\\/\"},{\"@type\":\"ListItem\",\"position\":2,\"name\":\"Utevistelse\",\"item\":\"https:\\\/\\\/www.ikiliikkuja.fi\\\/sv\\\/utevistelse\\\/\"},{\"@type\":\"ListItem\",\"position\":3,\"name\":\"Utomhusdag f\u00f6r \u00e4ldre\"}]},{\"@type\":\"WebSite\",\"@id\":\"https:\\\/\\\/www.ikiliikkuja.fi\\\/sv\\\/#website\",\"url\":\"https:\\\/\\\/www.ikiliikkuja.fi\\\/sv\\\/\",\"name\":\"Ikiliikkuja\",\"description\":\"\",\"potentialAction\":[{\"@type\":\"SearchAction\",\"target\":{\"@type\":\"EntryPoint\",\"urlTemplate\":\"https:\\\/\\\/www.ikiliikkuja.fi\\\/sv\\\/?s={search_term_string}\"},\"query-input\":{\"@type\":\"PropertyValueSpecification\",\"valueRequired\":true,\"valueName\":\"search_term_string\"}}],\"inLanguage\":\"sv-SE\"}]}<\/script>\n<!-- \/ Yoast SEO plugin. -->","yoast_head_json":{"title":"Utomhusdag f\u00f6r \u00e4ldre - Ikiliikkuja","description":"Valtakunnallista i\u00e4kk\u00e4iden ulkoilup\u00e4iv\u00e4\u00e4 vietet\u00e4\u00e4n vuosittain lokakuussa Vanhustenviikon torstaina. Ik\u00e4instituutti haastaa j\u00e4rjest\u00e4m\u00e4\u00e4n ulkoilutapahtumia.","robots":{"index":"index","follow":"follow","max-snippet":"max-snippet:-1","max-image-preview":"max-image-preview:large","max-video-preview":"max-video-preview:-1"},"canonical":"https:\/\/www.ikiliikkuja.fi\/sv\/utevistelse\/utomhusdag-for-aldre\/","og_locale":"sv_SE","og_type":"article","og_title":"Utomhusdag f\u00f6r \u00e4ldre - Ikiliikkuja","og_description":"Valtakunnallista i\u00e4kk\u00e4iden ulkoilup\u00e4iv\u00e4\u00e4 vietet\u00e4\u00e4n vuosittain lokakuussa Vanhustenviikon torstaina. Ik\u00e4instituutti haastaa j\u00e4rjest\u00e4m\u00e4\u00e4n ulkoilutapahtumia.","og_url":"https:\/\/www.ikiliikkuja.fi\/sv\/utevistelse\/utomhusdag-for-aldre\/","og_site_name":"Ikiliikkuja","article_modified_time":"2026-01-09T06:19:40+00:00","og_image":[{"width":2494,"height":1663,"url":"https:\/\/www.ikainstituutti.fi\/content\/uploads\/sites\/2\/2025\/10\/kukkalaatikolla-1.jpg","type":"image\/jpeg"}],"twitter_card":"summary_large_image","twitter_misc":{"Est. reading time":"1 minute"},"schema":{"@context":"https:\/\/schema.org","@graph":[{"@type":"WebPage","@id":"https:\/\/www.ikiliikkuja.fi\/sv\/utevistelse\/utomhusdag-for-aldre\/","url":"https:\/\/www.ikiliikkuja.fi\/sv\/utevistelse\/utomhusdag-for-aldre\/","name":"Utomhusdag f\u00f6r \u00e4ldre - Ikiliikkuja","isPartOf":{"@id":"https:\/\/www.ikiliikkuja.fi\/sv\/#website"},"primaryImageOfPage":{"@id":"https:\/\/www.ikiliikkuja.fi\/sv\/utevistelse\/utomhusdag-for-aldre\/#primaryimage"},"image":{"@id":"https:\/\/www.ikiliikkuja.fi\/sv\/utevistelse\/utomhusdag-for-aldre\/#primaryimage"},"thumbnailUrl":"https:\/\/www.ikainstituutti.fi\/content\/uploads\/sites\/2\/2025\/10\/kukkalaatikolla-1.jpg","datePublished":"2025-07-10T05:46:01+00:00","dateModified":"2026-01-09T06:19:40+00:00","description":"Valtakunnallista i\u00e4kk\u00e4iden ulkoilup\u00e4iv\u00e4\u00e4 vietet\u00e4\u00e4n vuosittain lokakuussa Vanhustenviikon torstaina. Ik\u00e4instituutti haastaa j\u00e4rjest\u00e4m\u00e4\u00e4n ulkoilutapahtumia.","breadcrumb":{"@id":"https:\/\/www.ikiliikkuja.fi\/sv\/utevistelse\/utomhusdag-for-aldre\/#breadcrumb"},"inLanguage":"sv-SE","potentialAction":[{"@type":"ReadAction","target":["https:\/\/www.ikiliikkuja.fi\/sv\/utevistelse\/utomhusdag-for-aldre\/"]}]},{"@type":"ImageObject","inLanguage":"sv-SE","@id":"https:\/\/www.ikiliikkuja.fi\/sv\/utevistelse\/utomhusdag-for-aldre\/#primaryimage","url":"https:\/\/www.ikainstituutti.fi\/content\/uploads\/sites\/2\/2025\/10\/kukkalaatikolla-1.jpg","contentUrl":"https:\/\/www.ikainstituutti.fi\/content\/uploads\/sites\/2\/2025\/10\/kukkalaatikolla-1.jpg","width":2494,"height":1663},{"@type":"BreadcrumbList","@id":"https:\/\/www.ikiliikkuja.fi\/sv\/utevistelse\/utomhusdag-for-aldre\/#breadcrumb","itemListElement":[{"@type":"ListItem","position":1,"name":"Etusivu","item":"https:\/\/www.ikiliikkuja.fi\/sv\/"},{"@type":"ListItem","position":2,"name":"Utevistelse","item":"https:\/\/www.ikiliikkuja.fi\/sv\/utevistelse\/"},{"@type":"ListItem","position":3,"name":"Utomhusdag f\u00f6r \u00e4ldre"}]},{"@type":"WebSite","@id":"https:\/\/www.ikiliikkuja.fi\/sv\/#website","url":"https:\/\/www.ikiliikkuja.fi\/sv\/","name":"Ikiliikkuja","description":"","potentialAction":[{"@type":"SearchAction","target":{"@type":"EntryPoint","urlTemplate":"https:\/\/www.ikiliikkuja.fi\/sv\/?s={search_term_string}"},"query-input":{"@type":"PropertyValueSpecification","valueRequired":true,"valueName":"search_term_string"}}],"inLanguage":"sv-SE"}]}},"_links":{"self":[{"href":"https:\/\/www.ikiliikkuja.fi\/sv\/wp-json\/wp\/v2\/pages\/2228","targetHints":{"allow":["GET"]}}],"collection":[{"href":"https:\/\/www.ikiliikkuja.fi\/sv\/wp-json\/wp\/v2\/pages"}],"about":[{"href":"https:\/\/www.ikiliikkuja.fi\/sv\/wp-json\/wp\/v2\/types\/page"}],"author":[{"embeddable":true,"href":"https:\/\/www.ikiliikkuja.fi\/sv\/wp-json\/wp\/v2\/users\/1"}],"replies":[{"embeddable":true,"href":"https:\/\/www.ikiliikkuja.fi\/sv\/wp-json\/wp\/v2\/comments?post=2228"}],"version-history":[{"count":5,"href":"https:\/\/www.ikiliikkuja.fi\/sv\/wp-json\/wp\/v2\/pages\/2228\/revisions"}],"predecessor-version":[{"id":2762,"href":"https:\/\/www.ikiliikkuja.fi\/sv\/wp-json\/wp\/v2\/pages\/2228\/revisions\/2762"}],"up":[{"embeddable":true,"href":"https:\/\/www.ikiliikkuja.fi\/sv\/wp-json\/wp\/v2\/pages\/1996"}],"wp:featuredmedia":[{"embeddable":true,"href":"https:\/\/www.ikiliikkuja.fi\/sv\/wp-json\/wp\/v2\/media\/1612"}],"wp:attachment":[{"href":"https:\/\/www.ikiliikkuja.fi\/sv\/wp-json\/wp\/v2\/media?parent=2228"}],"curies":[{"name":"wp","href":"https:\/\/api.w.org\/{rel}","templated":true}]}}

Utomhusdag för äldre

<h1><strong>Utomhusdag för äldre</strong></h1>
<p>Den landsomfattande utomhusdagen för äldre firas varje år i oktober, på torsdagen under Seniorveckan.</p>
<p>Äldreinstitutet utmanar föreningar, serviceboenden, skolor och utbildningsinstitut att anordna utomhusevenemang för äldre. Det är en bra idé att bjuda in volontärer samt äldres vänner och släktingar till att delta.</p>
<h2><strong>Behöver du några idéer?</strong></h2>
<ul>
<li>Gemensamma naturutflykter ökar kunskapen om växter och djur samt ger avkoppling för sinnet.</li>
<li>Kulturella promenader breddar kunskapen om det lokala området.</li>
<li>Traditionella lekar och gårdslekar uppmuntrar till lekfull tävlan.</li>
<li>Träningsredskap i idrottsparker får svetten att rinna.</li>
<li>Unga promenadkompisar sprider glädje bland boende på vårdhem.</li>
</ul>

<p>Utomhusdag för äldre Den landsomfattande utomhusdagen för äldre firas varje år i oktober, på torsdagen under Seniorveckan. Äldreinstitutet utmanar föreningar, serviceboenden, skolor och utbildningsinstitut att anordna utomhusevenemang för äldre. Det är en bra idé att bjuda in volontärer samt äldres vänner och släktingar till att delta. Behöver du några idéer? Gemensamma naturutflykter ökar kunskapen om [&hellip;]</p>

<!-- This site is optimized with the Yoast SEO plugin v27.3 - https://yoast.com/product/yoast-seo-wordpress/ -->
<title>Utomhusdag för äldre - Ikiliikkuja</title>
<meta name="description" content="Valtakunnallista iäkkäiden ulkoilupäivää vietetään vuosittain lokakuussa Vanhustenviikon torstaina. Ikäinstituutti haastaa järjestämään ulkoilutapahtumia." />
<meta name="robots" content="index, follow, max-snippet:-1, max-image-preview:large, max-video-preview:-1" />
<link rel="canonical" href="https://www.ikiliikkuja.fi/sv/utevistelse/utomhusdag-for-aldre/" />
<meta property="og:locale" content="sv_SE" />
<meta property="og:type" content="article" />
<meta property="og:title" content="Utomhusdag för äldre - Ikiliikkuja" />
<meta property="og:description" content="Valtakunnallista iäkkäiden ulkoilupäivää vietetään vuosittain lokakuussa Vanhustenviikon torstaina. Ikäinstituutti haastaa järjestämään ulkoilutapahtumia." />
<meta property="og:url" content="https://www.ikiliikkuja.fi/sv/utevistelse/utomhusdag-for-aldre/" />
<meta property="og:site_name" content="Ikiliikkuja" />
<meta property="article:modified_time" content="2026-01-09T06:19:40+00:00" />
<meta property="og:image" content="https://www.ikainstituutti.fi/content/uploads/sites/2/2025/10/kukkalaatikolla-1.jpg" />
	<meta property="og:image:width" content="2494" />
	<meta property="og:image:height" content="1663" />
	<meta property="og:image:type" content="image/jpeg" />
<meta name="twitter:card" content="summary_large_image" />
<meta name="twitter:label1" content="Est. reading time" />
	<meta name="twitter:data1" content="1 minute" />
<script type="application/ld+json" class="yoast-schema-graph">{"@context":"https:\/\/schema.org","@graph":[{"@type":"WebPage","@id":"https:\/\/www.ikiliikkuja.fi\/sv\/utevistelse\/utomhusdag-for-aldre\/","url":"https:\/\/www.ikiliikkuja.fi\/sv\/utevistelse\/utomhusdag-for-aldre\/","name":"Utomhusdag för äldre - Ikiliikkuja","isPartOf":{"@id":"https:\/\/www.ikiliikkuja.fi\/sv\/#website"},"primaryImageOfPage":{"@id":"https:\/\/www.ikiliikkuja.fi\/sv\/utevistelse\/utomhusdag-for-aldre\/#primaryimage"},"image":{"@id":"https:\/\/www.ikiliikkuja.fi\/sv\/utevistelse\/utomhusdag-for-aldre\/#primaryimage"},"thumbnailUrl":"https:\/\/www.ikainstituutti.fi\/content\/uploads\/sites\/2\/2025\/10\/kukkalaatikolla-1.jpg","datePublished":"2025-07-10T05:46:01+00:00","dateModified":"2026-01-09T06:19:40+00:00","description":"Valtakunnallista iäkkäiden ulkoilupäivää vietetään vuosittain lokakuussa Vanhustenviikon torstaina. Ikäinstituutti haastaa järjestämään ulkoilutapahtumia.","breadcrumb":{"@id":"https:\/\/www.ikiliikkuja.fi\/sv\/utevistelse\/utomhusdag-for-aldre\/#breadcrumb"},"inLanguage":"sv-SE","potentialAction":[{"@type":"ReadAction","target":["https:\/\/www.ikiliikkuja.fi\/sv\/utevistelse\/utomhusdag-for-aldre\/"]}]},{"@type":"ImageObject","inLanguage":"sv-SE","@id":"https:\/\/www.ikiliikkuja.fi\/sv\/utevistelse\/utomhusdag-for-aldre\/#primaryimage","url":"https:\/\/www.ikainstituutti.fi\/content\/uploads\/sites\/2\/2025\/10\/kukkalaatikolla-1.jpg","contentUrl":"https:\/\/www.ikainstituutti.fi\/content\/uploads\/sites\/2\/2025\/10\/kukkalaatikolla-1.jpg","width":2494,"height":1663},{"@type":"BreadcrumbList","@id":"https:\/\/www.ikiliikkuja.fi\/sv\/utevistelse\/utomhusdag-for-aldre\/#breadcrumb","itemListElement":[{"@type":"ListItem","position":1,"name":"Etusivu","item":"https:\/\/www.ikiliikkuja.fi\/sv\/"},{"@type":"ListItem","position":2,"name":"Utevistelse","item":"https:\/\/www.ikiliikkuja.fi\/sv\/utevistelse\/"},{"@type":"ListItem","position":3,"name":"Utomhusdag för äldre"}]},{"@type":"WebSite","@id":"https:\/\/www.ikiliikkuja.fi\/sv\/#website","url":"https:\/\/www.ikiliikkuja.fi\/sv\/","name":"Ikiliikkuja","description":"","potentialAction":[{"@type":"SearchAction","target":{"@type":"EntryPoint","urlTemplate":"https:\/\/www.ikiliikkuja.fi\/sv\/?s={search_term_string}"},"query-input":{"@type":"PropertyValueSpecification","valueRequired":true,"valueName":"search_term_string"}}],"inLanguage":"sv-SE"}]}</script>
<!-- / Yoast SEO plugin. -->

Utomhusdag för äldre - Ikiliikkuja

Valtakunnallista iäkkäiden ulkoilupäivää vietetään vuosittain lokakuussa Vanhustenviikon torstaina. Ikäinstituutti haastaa järjestämään ulkoilutapahtumia.
