{"id":2199,"date":"2025-07-10T08:48:29","date_gmt":"2025-07-10T05:48:29","guid":{"rendered":"https:\/\/www.ikiliikkuja.fi\/programmet-kraft-i-aren\/mentoriohjelmassa-mukana-olleet-kunnat\/"},"modified":"2026-02-16T12:44:42","modified_gmt":"2026-02-16T10:44:42","slug":"programresultat","status":"publish","type":"page","link":"https:\/\/www.ikiliikkuja.fi\/sv\/programmet-kraft-i-aren\/programresultat\/","title":{"rendered":"Programresultat"},"content":{"rendered":"<h1>Programresultat<\/h1>\n<p>Programmet Kraft i \u00e5ren har sedan 2005 fr\u00e4mjat motionsm\u00f6jligheter f\u00f6r \u00e4ldre personer som bor hemma och har nedsatt funktionsf\u00f6rm\u00e5ga. \u00c4ldreinstitutet har samordnat detta nationella program sedan starten.<\/p>\n<p>Kraft i \u00e5ren \u00e4r ett utvecklingsprogram som oms\u00e4tter forskningsbaserad kunskap till praktiken. I programmets planering, genomf\u00f6rande och utv\u00e4rdering har man anv\u00e4nt sej av forskningsbaserad kunskap om fysisk aktivitet och olika s\u00e4tt att fr\u00e4mja den i \u00e4ldre m\u00e4nniskors liv.<\/p>\n<h2>Programmets olika faser<\/h2>\n<ul>\n<li>VoiTas pilotprojekt 2002\u20132004, med 8 kommuner<\/li>\n<li>Styrka f\u00f6r \u00e5lderdomen I 2005\u20132009, med 35 organisationsprojekt<\/li>\n<li>Styrka f\u00f6r \u00e5lderdomen II 2010\u20132015, med 38 kommuner<\/li>\n<li>Styrka f\u00f6r \u00e5lderdomen III 2016\u20132023, 71 kommuner deltar<\/li>\n<li>Styrka f\u00f6r \u00e5lderdomen IV 2023\u2013, regionala aktiviteter i 3 v\u00e4lf\u00e4rdsomr\u00e5den, 47 kommuner deltar<\/li>\n<\/ul>\n<p>&nbsp;<\/p>\n","protected":false},"excerpt":{"rendered":"<p>Programresultat Programmet Kraft i \u00e5ren har sedan 2005 fr\u00e4mjat motionsm\u00f6jligheter f\u00f6r \u00e4ldre personer som bor hemma och har nedsatt funktionsf\u00f6rm\u00e5ga. \u00c4ldreinstitutet har samordnat detta nationella program sedan starten. Kraft i \u00e5ren \u00e4r ett utvecklingsprogram som oms\u00e4tter forskningsbaserad kunskap till praktiken. I programmets planering, genomf\u00f6rande och utv\u00e4rdering har man anv\u00e4nt sej av forskningsbaserad kunskap om fysisk [&hellip;]<\/p>\n","protected":false},"author":1,"featured_media":1306,"parent":2005,"menu_order":0,"comment_status":"closed","ping_status":"closed","template":"","meta":{"inline_featured_image":false,"footnotes":""},"class_list":["post-2199","page","type-page","status-publish","has-post-thumbnail","hentry"],"yoast_head":"<!-- This site is optimized with the Yoast SEO plugin v27.3 - https:\/\/yoast.com\/product\/yoast-seo-wordpress\/ -->\n<title>Programresultat - Ikiliikkuja<\/title>\n<meta name=\"description\" content=\"Voimaa vanhuuteen -ohjelmassa on edistetty kotona asuvien, toimintakyvylt\u00e4\u00e4n heikentyneiden ik\u00e4ihmisten liikuntamahdollisuuksia jo vuodesta 2005 alkaen.\" \/>\n<meta name=\"robots\" content=\"index, follow, max-snippet:-1, max-image-preview:large, max-video-preview:-1\" \/>\n<link rel=\"canonical\" href=\"https:\/\/www.ikiliikkuja.fi\/sv\/programmet-kraft-i-aren\/programresultat\/\" \/>\n<meta property=\"og:locale\" content=\"sv_SE\" \/>\n<meta property=\"og:type\" content=\"article\" \/>\n<meta property=\"og:title\" content=\"Programresultat - Ikiliikkuja\" \/>\n<meta property=\"og:description\" content=\"Voimaa vanhuuteen -ohjelmassa on edistetty kotona asuvien, toimintakyvylt\u00e4\u00e4n heikentyneiden ik\u00e4ihmisten liikuntamahdollisuuksia jo vuodesta 2005 alkaen.\" \/>\n<meta property=\"og:url\" content=\"https:\/\/www.ikiliikkuja.fi\/sv\/programmet-kraft-i-aren\/programresultat\/\" \/>\n<meta property=\"og:site_name\" content=\"Ikiliikkuja\" \/>\n<meta property=\"article:modified_time\" content=\"2026-02-16T10:44:42+00:00\" \/>\n<meta property=\"og:image\" content=\"https:\/\/www.ikainstituutti.fi\/content\/uploads\/sites\/2\/2025\/10\/53235498561_5a4ff56a94_k1.jpg\" \/>\n\t<meta property=\"og:image:width\" content=\"2048\" \/>\n\t<meta property=\"og:image:height\" content=\"1365\" \/>\n\t<meta property=\"og:image:type\" content=\"image\/jpeg\" \/>\n<meta name=\"twitter:card\" content=\"summary_large_image\" \/>\n<meta name=\"twitter:label1\" content=\"Est. reading time\" \/>\n\t<meta name=\"twitter:data1\" content=\"1 minute\" \/>\n<script type=\"application\/ld+json\" class=\"yoast-schema-graph\">{\"@context\":\"https:\\\/\\\/schema.org\",\"@graph\":[{\"@type\":\"WebPage\",\"@id\":\"https:\\\/\\\/www.ikiliikkuja.fi\\\/sv\\\/programmet-kraft-i-aren\\\/programresultat\\\/\",\"url\":\"https:\\\/\\\/www.ikiliikkuja.fi\\\/sv\\\/programmet-kraft-i-aren\\\/programresultat\\\/\",\"name\":\"Programresultat - Ikiliikkuja\",\"isPartOf\":{\"@id\":\"https:\\\/\\\/www.ikiliikkuja.fi\\\/sv\\\/#website\"},\"primaryImageOfPage\":{\"@id\":\"https:\\\/\\\/www.ikiliikkuja.fi\\\/sv\\\/programmet-kraft-i-aren\\\/programresultat\\\/#primaryimage\"},\"image\":{\"@id\":\"https:\\\/\\\/www.ikiliikkuja.fi\\\/sv\\\/programmet-kraft-i-aren\\\/programresultat\\\/#primaryimage\"},\"thumbnailUrl\":\"https:\\\/\\\/www.ikainstituutti.fi\\\/content\\\/uploads\\\/sites\\\/2\\\/2025\\\/10\\\/53235498561_5a4ff56a94_k1.jpg\",\"datePublished\":\"2025-07-10T05:48:29+00:00\",\"dateModified\":\"2026-02-16T10:44:42+00:00\",\"description\":\"Voimaa vanhuuteen -ohjelmassa on edistetty kotona asuvien, toimintakyvylt\u00e4\u00e4n heikentyneiden ik\u00e4ihmisten liikuntamahdollisuuksia jo vuodesta 2005 alkaen.\",\"breadcrumb\":{\"@id\":\"https:\\\/\\\/www.ikiliikkuja.fi\\\/sv\\\/programmet-kraft-i-aren\\\/programresultat\\\/#breadcrumb\"},\"inLanguage\":\"sv-SE\",\"potentialAction\":[{\"@type\":\"ReadAction\",\"target\":[\"https:\\\/\\\/www.ikiliikkuja.fi\\\/sv\\\/programmet-kraft-i-aren\\\/programresultat\\\/\"]}]},{\"@type\":\"ImageObject\",\"inLanguage\":\"sv-SE\",\"@id\":\"https:\\\/\\\/www.ikiliikkuja.fi\\\/sv\\\/programmet-kraft-i-aren\\\/programresultat\\\/#primaryimage\",\"url\":\"https:\\\/\\\/www.ikainstituutti.fi\\\/content\\\/uploads\\\/sites\\\/2\\\/2025\\\/10\\\/53235498561_5a4ff56a94_k1.jpg\",\"contentUrl\":\"https:\\\/\\\/www.ikainstituutti.fi\\\/content\\\/uploads\\\/sites\\\/2\\\/2025\\\/10\\\/53235498561_5a4ff56a94_k1.jpg\",\"width\":2048,\"height\":1365},{\"@type\":\"BreadcrumbList\",\"@id\":\"https:\\\/\\\/www.ikiliikkuja.fi\\\/sv\\\/programmet-kraft-i-aren\\\/programresultat\\\/#breadcrumb\",\"itemListElement\":[{\"@type\":\"ListItem\",\"position\":1,\"name\":\"Etusivu\",\"item\":\"https:\\\/\\\/www.ikiliikkuja.fi\\\/sv\\\/\"},{\"@type\":\"ListItem\",\"position\":2,\"name\":\"Programmet Kraft i \u00e5ren\",\"item\":\"https:\\\/\\\/www.ikiliikkuja.fi\\\/sv\\\/programmet-kraft-i-aren\\\/\"},{\"@type\":\"ListItem\",\"position\":3,\"name\":\"Programresultat\"}]},{\"@type\":\"WebSite\",\"@id\":\"https:\\\/\\\/www.ikiliikkuja.fi\\\/sv\\\/#website\",\"url\":\"https:\\\/\\\/www.ikiliikkuja.fi\\\/sv\\\/\",\"name\":\"Ikiliikkuja\",\"description\":\"\",\"potentialAction\":[{\"@type\":\"SearchAction\",\"target\":{\"@type\":\"EntryPoint\",\"urlTemplate\":\"https:\\\/\\\/www.ikiliikkuja.fi\\\/sv\\\/?s={search_term_string}\"},\"query-input\":{\"@type\":\"PropertyValueSpecification\",\"valueRequired\":true,\"valueName\":\"search_term_string\"}}],\"inLanguage\":\"sv-SE\"}]}<\/script>\n<!-- \/ Yoast SEO plugin. -->","yoast_head_json":{"title":"Programresultat - Ikiliikkuja","description":"Voimaa vanhuuteen -ohjelmassa on edistetty kotona asuvien, toimintakyvylt\u00e4\u00e4n heikentyneiden ik\u00e4ihmisten liikuntamahdollisuuksia jo vuodesta 2005 alkaen.","robots":{"index":"index","follow":"follow","max-snippet":"max-snippet:-1","max-image-preview":"max-image-preview:large","max-video-preview":"max-video-preview:-1"},"canonical":"https:\/\/www.ikiliikkuja.fi\/sv\/programmet-kraft-i-aren\/programresultat\/","og_locale":"sv_SE","og_type":"article","og_title":"Programresultat - Ikiliikkuja","og_description":"Voimaa vanhuuteen -ohjelmassa on edistetty kotona asuvien, toimintakyvylt\u00e4\u00e4n heikentyneiden ik\u00e4ihmisten liikuntamahdollisuuksia jo vuodesta 2005 alkaen.","og_url":"https:\/\/www.ikiliikkuja.fi\/sv\/programmet-kraft-i-aren\/programresultat\/","og_site_name":"Ikiliikkuja","article_modified_time":"2026-02-16T10:44:42+00:00","og_image":[{"width":2048,"height":1365,"url":"https:\/\/www.ikainstituutti.fi\/content\/uploads\/sites\/2\/2025\/10\/53235498561_5a4ff56a94_k1.jpg","type":"image\/jpeg"}],"twitter_card":"summary_large_image","twitter_misc":{"Est. reading time":"1 minute"},"schema":{"@context":"https:\/\/schema.org","@graph":[{"@type":"WebPage","@id":"https:\/\/www.ikiliikkuja.fi\/sv\/programmet-kraft-i-aren\/programresultat\/","url":"https:\/\/www.ikiliikkuja.fi\/sv\/programmet-kraft-i-aren\/programresultat\/","name":"Programresultat - Ikiliikkuja","isPartOf":{"@id":"https:\/\/www.ikiliikkuja.fi\/sv\/#website"},"primaryImageOfPage":{"@id":"https:\/\/www.ikiliikkuja.fi\/sv\/programmet-kraft-i-aren\/programresultat\/#primaryimage"},"image":{"@id":"https:\/\/www.ikiliikkuja.fi\/sv\/programmet-kraft-i-aren\/programresultat\/#primaryimage"},"thumbnailUrl":"https:\/\/www.ikainstituutti.fi\/content\/uploads\/sites\/2\/2025\/10\/53235498561_5a4ff56a94_k1.jpg","datePublished":"2025-07-10T05:48:29+00:00","dateModified":"2026-02-16T10:44:42+00:00","description":"Voimaa vanhuuteen -ohjelmassa on edistetty kotona asuvien, toimintakyvylt\u00e4\u00e4n heikentyneiden ik\u00e4ihmisten liikuntamahdollisuuksia jo vuodesta 2005 alkaen.","breadcrumb":{"@id":"https:\/\/www.ikiliikkuja.fi\/sv\/programmet-kraft-i-aren\/programresultat\/#breadcrumb"},"inLanguage":"sv-SE","potentialAction":[{"@type":"ReadAction","target":["https:\/\/www.ikiliikkuja.fi\/sv\/programmet-kraft-i-aren\/programresultat\/"]}]},{"@type":"ImageObject","inLanguage":"sv-SE","@id":"https:\/\/www.ikiliikkuja.fi\/sv\/programmet-kraft-i-aren\/programresultat\/#primaryimage","url":"https:\/\/www.ikainstituutti.fi\/content\/uploads\/sites\/2\/2025\/10\/53235498561_5a4ff56a94_k1.jpg","contentUrl":"https:\/\/www.ikainstituutti.fi\/content\/uploads\/sites\/2\/2025\/10\/53235498561_5a4ff56a94_k1.jpg","width":2048,"height":1365},{"@type":"BreadcrumbList","@id":"https:\/\/www.ikiliikkuja.fi\/sv\/programmet-kraft-i-aren\/programresultat\/#breadcrumb","itemListElement":[{"@type":"ListItem","position":1,"name":"Etusivu","item":"https:\/\/www.ikiliikkuja.fi\/sv\/"},{"@type":"ListItem","position":2,"name":"Programmet Kraft i \u00e5ren","item":"https:\/\/www.ikiliikkuja.fi\/sv\/programmet-kraft-i-aren\/"},{"@type":"ListItem","position":3,"name":"Programresultat"}]},{"@type":"WebSite","@id":"https:\/\/www.ikiliikkuja.fi\/sv\/#website","url":"https:\/\/www.ikiliikkuja.fi\/sv\/","name":"Ikiliikkuja","description":"","potentialAction":[{"@type":"SearchAction","target":{"@type":"EntryPoint","urlTemplate":"https:\/\/www.ikiliikkuja.fi\/sv\/?s={search_term_string}"},"query-input":{"@type":"PropertyValueSpecification","valueRequired":true,"valueName":"search_term_string"}}],"inLanguage":"sv-SE"}]}},"_links":{"self":[{"href":"https:\/\/www.ikiliikkuja.fi\/sv\/wp-json\/wp\/v2\/pages\/2199","targetHints":{"allow":["GET"]}}],"collection":[{"href":"https:\/\/www.ikiliikkuja.fi\/sv\/wp-json\/wp\/v2\/pages"}],"about":[{"href":"https:\/\/www.ikiliikkuja.fi\/sv\/wp-json\/wp\/v2\/types\/page"}],"author":[{"embeddable":true,"href":"https:\/\/www.ikiliikkuja.fi\/sv\/wp-json\/wp\/v2\/users\/1"}],"replies":[{"embeddable":true,"href":"https:\/\/www.ikiliikkuja.fi\/sv\/wp-json\/wp\/v2\/comments?post=2199"}],"version-history":[{"count":4,"href":"https:\/\/www.ikiliikkuja.fi\/sv\/wp-json\/wp\/v2\/pages\/2199\/revisions"}],"predecessor-version":[{"id":2770,"href":"https:\/\/www.ikiliikkuja.fi\/sv\/wp-json\/wp\/v2\/pages\/2199\/revisions\/2770"}],"up":[{"embeddable":true,"href":"https:\/\/www.ikiliikkuja.fi\/sv\/wp-json\/wp\/v2\/pages\/2005"}],"wp:featuredmedia":[{"embeddable":true,"href":"https:\/\/www.ikiliikkuja.fi\/sv\/wp-json\/wp\/v2\/media\/1306"}],"wp:attachment":[{"href":"https:\/\/www.ikiliikkuja.fi\/sv\/wp-json\/wp\/v2\/media?parent=2199"}],"curies":[{"name":"wp","href":"https:\/\/api.w.org\/{rel}","templated":true}]}}

<h1>Programresultat</h1>
<p>Programmet Kraft i åren har sedan 2005 främjat motionsmöjligheter för äldre personer som bor hemma och har nedsatt funktionsförmåga. Äldreinstitutet har samordnat detta nationella program sedan starten.</p>
<p>Kraft i åren är ett utvecklingsprogram som omsätter forskningsbaserad kunskap till praktiken. I programmets planering, genomförande och utvärdering har man använt sej av forskningsbaserad kunskap om fysisk aktivitet och olika sätt att främja den i äldre människors liv.</p>
<h2>Programmets olika faser</h2>
<ul>
<li>VoiTas pilotprojekt 2002–2004, med 8 kommuner</li>
<li>Styrka för ålderdomen I 2005–2009, med 35 organisationsprojekt</li>
<li>Styrka för ålderdomen II 2010–2015, med 38 kommuner</li>
<li>Styrka för ålderdomen III 2016–2023, 71 kommuner deltar</li>
<li>Styrka för ålderdomen IV 2023–, regionala aktiviteter i 3 välfärdsområden, 47 kommuner deltar</li>
</ul>
<p>&nbsp;</p>

<p>Programresultat Programmet Kraft i åren har sedan 2005 främjat motionsmöjligheter för äldre personer som bor hemma och har nedsatt funktionsförmåga. Äldreinstitutet har samordnat detta nationella program sedan starten. Kraft i åren är ett utvecklingsprogram som omsätter forskningsbaserad kunskap till praktiken. I programmets planering, genomförande och utvärdering har man använt sej av forskningsbaserad kunskap om fysisk [&hellip;]</p>

<!-- This site is optimized with the Yoast SEO plugin v27.3 - https://yoast.com/product/yoast-seo-wordpress/ -->
<title>Programresultat - Ikiliikkuja</title>
<meta name="description" content="Voimaa vanhuuteen -ohjelmassa on edistetty kotona asuvien, toimintakyvyltään heikentyneiden ikäihmisten liikuntamahdollisuuksia jo vuodesta 2005 alkaen." />
<meta name="robots" content="index, follow, max-snippet:-1, max-image-preview:large, max-video-preview:-1" />
<link rel="canonical" href="https://www.ikiliikkuja.fi/sv/programmet-kraft-i-aren/programresultat/" />
<meta property="og:locale" content="sv_SE" />
<meta property="og:type" content="article" />
<meta property="og:title" content="Programresultat - Ikiliikkuja" />
<meta property="og:description" content="Voimaa vanhuuteen -ohjelmassa on edistetty kotona asuvien, toimintakyvyltään heikentyneiden ikäihmisten liikuntamahdollisuuksia jo vuodesta 2005 alkaen." />
<meta property="og:url" content="https://www.ikiliikkuja.fi/sv/programmet-kraft-i-aren/programresultat/" />
<meta property="og:site_name" content="Ikiliikkuja" />
<meta property="article:modified_time" content="2026-02-16T10:44:42+00:00" />
<meta property="og:image" content="https://www.ikainstituutti.fi/content/uploads/sites/2/2025/10/53235498561_5a4ff56a94_k1.jpg" />
	<meta property="og:image:width" content="2048" />
	<meta property="og:image:height" content="1365" />
	<meta property="og:image:type" content="image/jpeg" />
<meta name="twitter:card" content="summary_large_image" />
<meta name="twitter:label1" content="Est. reading time" />
	<meta name="twitter:data1" content="1 minute" />
<script type="application/ld+json" class="yoast-schema-graph">{"@context":"https:\/\/schema.org","@graph":[{"@type":"WebPage","@id":"https:\/\/www.ikiliikkuja.fi\/sv\/programmet-kraft-i-aren\/programresultat\/","url":"https:\/\/www.ikiliikkuja.fi\/sv\/programmet-kraft-i-aren\/programresultat\/","name":"Programresultat - Ikiliikkuja","isPartOf":{"@id":"https:\/\/www.ikiliikkuja.fi\/sv\/#website"},"primaryImageOfPage":{"@id":"https:\/\/www.ikiliikkuja.fi\/sv\/programmet-kraft-i-aren\/programresultat\/#primaryimage"},"image":{"@id":"https:\/\/www.ikiliikkuja.fi\/sv\/programmet-kraft-i-aren\/programresultat\/#primaryimage"},"thumbnailUrl":"https:\/\/www.ikainstituutti.fi\/content\/uploads\/sites\/2\/2025\/10\/53235498561_5a4ff56a94_k1.jpg","datePublished":"2025-07-10T05:48:29+00:00","dateModified":"2026-02-16T10:44:42+00:00","description":"Voimaa vanhuuteen -ohjelmassa on edistetty kotona asuvien, toimintakyvyltään heikentyneiden ikäihmisten liikuntamahdollisuuksia jo vuodesta 2005 alkaen.","breadcrumb":{"@id":"https:\/\/www.ikiliikkuja.fi\/sv\/programmet-kraft-i-aren\/programresultat\/#breadcrumb"},"inLanguage":"sv-SE","potentialAction":[{"@type":"ReadAction","target":["https:\/\/www.ikiliikkuja.fi\/sv\/programmet-kraft-i-aren\/programresultat\/"]}]},{"@type":"ImageObject","inLanguage":"sv-SE","@id":"https:\/\/www.ikiliikkuja.fi\/sv\/programmet-kraft-i-aren\/programresultat\/#primaryimage","url":"https:\/\/www.ikainstituutti.fi\/content\/uploads\/sites\/2\/2025\/10\/53235498561_5a4ff56a94_k1.jpg","contentUrl":"https:\/\/www.ikainstituutti.fi\/content\/uploads\/sites\/2\/2025\/10\/53235498561_5a4ff56a94_k1.jpg","width":2048,"height":1365},{"@type":"BreadcrumbList","@id":"https:\/\/www.ikiliikkuja.fi\/sv\/programmet-kraft-i-aren\/programresultat\/#breadcrumb","itemListElement":[{"@type":"ListItem","position":1,"name":"Etusivu","item":"https:\/\/www.ikiliikkuja.fi\/sv\/"},{"@type":"ListItem","position":2,"name":"Programmet Kraft i åren","item":"https:\/\/www.ikiliikkuja.fi\/sv\/programmet-kraft-i-aren\/"},{"@type":"ListItem","position":3,"name":"Programresultat"}]},{"@type":"WebSite","@id":"https:\/\/www.ikiliikkuja.fi\/sv\/#website","url":"https:\/\/www.ikiliikkuja.fi\/sv\/","name":"Ikiliikkuja","description":"","potentialAction":[{"@type":"SearchAction","target":{"@type":"EntryPoint","urlTemplate":"https:\/\/www.ikiliikkuja.fi\/sv\/?s={search_term_string}"},"query-input":{"@type":"PropertyValueSpecification","valueRequired":true,"valueName":"search_term_string"}}],"inLanguage":"sv-SE"}]}</script>
<!-- / Yoast SEO plugin. -->

Voimaa vanhuuteen -ohjelmassa on edistetty kotona asuvien, toimintakyvyltään heikentyneiden ikäihmisten liikuntamahdollisuuksia jo vuodesta 2005 alkaen.

Programmet Kraft i åren
